{"id":17,"date":"2018-09-25T15:40:39","date_gmt":"2018-09-25T13:40:39","guid":{"rendered":"http:\/\/crb-leopold.be\/?page_id=17"},"modified":"2018-12-28T11:29:52","modified_gmt":"2018-12-28T10:29:52","slug":"a-propos-de","status":"publish","type":"page","link":"https:\/\/crb-leopold.be\/index.php\/a-propos-de\/","title":{"rendered":"\u00c0 propos de"},"content":{"rendered":"<p>Au d\u00e9but des ann\u00e9es 1900, en plein c\u0153ur de Bruxelles, quelques messieurs se r\u00e9unissent dans un cercle d\u00e9nomm\u00e9 \u00ab\u00a0L&rsquo;ESSOR\u00a0\u00bb. On y pratiquait le bridge, le whist, les \u00e9checs, le jeu de dames et le billard.<\/p>\n<p>Les ann\u00e9es passent et \u00ab\u00a0L&rsquo;ESSOR\u00a0\u00bb s&rsquo;installe rue L\u00e9opold, derri\u00e8re le Th\u00e9\u00e2tre de la Monnaie, en fait l&rsquo;Op\u00e9ra de Bruxelles.<\/p>\n<p>Tout naturellement, \u00ab\u00a0L&rsquo;ESSOR\u00a0\u00bb devient \u00ab\u00a0LE LEOPOLD\u00a0\u00bb, et le billard le jeu le plus pratiqu\u00e9. A tel point qu&rsquo;en 1924, le Cercle adh\u00e8re \u00e0 la F\u00e9d\u00e9ration Sportive Belge des Amateurs de Billard, fond\u00e9e en 1906 (\u00e0 ce jour F\u00e9d\u00e9ration Belge de Billard).<\/p>\n<p>En 1947, survient un autre d\u00e9m\u00e9nagement vers la rue des Chartreux (\u00e0 deux pas de la Bourse de Bruxelles). \u00ab\u00a0LE\u00a0 LEOPOLD\u00a0\u00bb est toujours un cercle priv\u00e9 offrant aux amateurs 6 tables de billard r\u00e9guli\u00e8rement occup\u00e9es par ceux d\u00e9sireux de mettre en pratique les conseils du professeur attitr\u00e9 du Cercle, Marcel Van Leemput, professionnel de r\u00e9putation mondiale.<\/p>\n<p>Ainsi, depuis 1947, nos membres ont pu b\u00e9n\u00e9ficier des le\u00e7ons de ce grand professeur de billard (grand professeur et homme de c\u0153ur). Apr\u00e8s sa retraite, c&rsquo;est l&rsquo;un de ses \u00e9l\u00e8ves, Emile Wafflard, qui prit le relais. Titulaire de plusieurs titres mondiaux, europ\u00e9ens et nationaux, il a marqu\u00e9 le billard de son empreinte. Il d\u00e9c\u00e9da, h\u00e9las, en septembre 1994. Trop t\u00f4t, beaucoup trop t\u00f4t !<\/p>\n<p>Pour perp\u00e9tuer son souvenir, nous avons cr\u00e9\u00e9 le \u00ab\u00a0MEMORIAL WAFFLARD\u00a0\u00bb. Dot\u00e9e de prix importants et r\u00e9serv\u00e9e aux joueurs de cat\u00e9gorie \u00ab\u00a0Excellence\u00a0\u00bb et \u00ab\u00a0Honneur\u00a0\u00bb, cette comp\u00e9tition se joue \u00ab\u00a0par la bande\u00a0\u00bb, ou \u00e0 un des modes de \u00ab\u00a0cadre\u00a0\u00bb (47\/1 &#8211; 47\/2 &#8211; 71\/2).<br \/>\nPr\u00e9cisons que nous invitons uniquement, et pour autant que ce soit possible, les anciens \u00e9l\u00e8ves de ce grand champion qu&rsquo;\u00e9tait Emile.<\/p>\n<p>En 1951, notre Cercle obtient la distinction honorifique de \u00ab\u00a0Cercle Royal\u00a0\u00bb et cinq ans plus tard, il change sa structure l\u00e9gale en A.S.B.L (Association Sans But Lucratif) et devient \u00ab\u00a0Cercle Royal des Amateurs de Billard LE LEOPOLD\u00a0\u00bb.<\/p>\n<p>Au milieu des ann\u00e9es 1970, il fusionne avec un grand cercle de billard de la capitale, le Cercle Royal de Billard LA SERIE.<\/p>\n<p>Peu de temps apr\u00e8s, la ville de Bruxelles d\u00e9cide la r\u00e9novation d&rsquo;un b\u00e2timent d\u00e9saffect\u00e9 pour y cr\u00e9er un vaste complexe sportif, qui deviendra le r\u00e9put\u00e9 Palais du Midi.<\/p>\n<p>Apr\u00e8s des ann\u00e9es de travaux, la ville de Bruxelles nous offre l&rsquo;occasion d&rsquo;occuper une superbe salle situ\u00e9e au deuxi\u00e8me \u00e9tage de ce complexe, nous nous y installons avec enthousiasme en septembre 1984.<\/p>\n<p>Nous avons f\u00eat\u00e9 en 1999 nos 75 ans d&rsquo;existence. Ce jubil\u00e9 fut l&rsquo;occasion d&rsquo;une r\u00e9ception exceptionnelle dans le magnifique complexe du stade Roi Baudouin. L&rsquo;\u00e9dition d&rsquo;une brochure sp\u00e9ciale a d&rsquo;ailleurs marqu\u00e9 cet anniversaire. Une m\u00e9daille comm\u00e9morative au nom de chacun des membres a \u00e9t\u00e9 \u00e9galement frapp\u00e9e en cette occasion.<\/p>\n","protected":false},"excerpt":{"rendered":"<p>Au d\u00e9but des ann\u00e9es 1900, en plein c\u0153ur de Bruxelles, quelques messieurs se r\u00e9unissent dans un cercle d\u00e9nomm\u00e9 \u00ab\u00a0L&rsquo;ESSOR\u00a0\u00bb. On y pratiquait le bridge, le whist, les \u00e9checs, le jeu de dames et le billard. Les ann\u00e9es passent et \u00ab\u00a0L&rsquo;ESSOR\u00a0\u00bb s&rsquo;installe rue L\u00e9opold, derri\u00e8re le Th\u00e9\u00e2tre de la Monnaie, en fait l&rsquo;Op\u00e9ra de Bruxelles. Tout &hellip; <\/p>\n<p class=\"link-more\"><a href=\"https:\/\/crb-leopold.be\/index.php\/a-propos-de\/\" class=\"more-link\">Continuer la lecture<span class=\"screen-reader-text\"> de &laquo;&nbsp;\u00c0 propos de&nbsp;&raquo;<\/span><\/a><\/p>\n","protected":false},"author":1,"featured_media":0,"parent":0,"menu_order":0,"comment_status":"closed","ping_status":"closed","template":"","meta":{"footnotes":""},"class_list":["post-17","page","type-page","status-publish","hentry"],"_links":{"self":[{"href":"https:\/\/crb-leopold.be\/index.php\/wp-json\/wp\/v2\/pages\/17","targetHints":{"allow":["GET"]}}],"collection":[{"href":"https:\/\/crb-leopold.be\/index.php\/wp-json\/wp\/v2\/pages"}],"about":[{"href":"https:\/\/crb-leopold.be\/index.php\/wp-json\/wp\/v2\/types\/page"}],"author":[{"embeddable":true,"href":"https:\/\/crb-leopold.be\/index.php\/wp-json\/wp\/v2\/users\/1"}],"replies":[{"embeddable":true,"href":"https:\/\/crb-leopold.be\/index.php\/wp-json\/wp\/v2\/comments?post=17"}],"version-history":[{"count":3,"href":"https:\/\/crb-leopold.be\/index.php\/wp-json\/wp\/v2\/pages\/17\/revisions"}],"predecessor-version":[{"id":67,"href":"https:\/\/crb-leopold.be\/index.php\/wp-json\/wp\/v2\/pages\/17\/revisions\/67"}],"wp:attachment":[{"href":"https:\/\/crb-leopold.be\/index.php\/wp-json\/wp\/v2\/media?parent=17"}],"curies":[{"name":"wp","href":"https:\/\/api.w.org\/{rel}","templated":true}]}}